mainder when 1007 is divided by p.
7
Let j = -2831 + 2866. Calculate the remainder when (210 + -4 + 1)/1 is divided by j.
32
Suppose 5*x = 193 + 182. Suppose 4*b + 2*q = 898, -5*q = 63*b - 61*b - 453. What is the remainder when b is divided by x?
74
Suppose 11744 = 35*m + 5*m - 8*m. What is the remainder when m is divided by 185?
182
Calculate the remainder when 1 - 16/10 - 1/(-20)*2252 is divided by 3*(-4)/(-6) + 17.
17
Suppose -4*g + 1 = -55. Suppose 4*y = y - 4*r - g, r - 1 = -3*y. Suppose 0 = -7*f + y*f + 60. Calculate the remainder when 46 is divided by f.
10
What is the remainder when (((-6603)/62)/(-71))/(1/158) is divided by 62?
51
Suppose 4*m = -m + 20. Suppose -156*s - 114*s - 258 = -4848. Calculate the remainder when s is divided by m.
1
Let c(w) = w**3 + 10*w**2 - 12*w + 2. Let h be c(-11). Suppose 11*i = 12*i - h. Suppose 11*b = i*b - 40. What is the remainder when b is divided by 12?
8
Let b(w) = -w**2 - 5*w - 1. Let u be b(-4). Suppose 9*p - 97 = -7. What is the remainder when u + 0 + (-1 - -31) is divided by p?
3
Suppose 2*x = -8, -2*m + x + 220 + 50 = 0. Let q be 6/(-8) + 11/((-440)/18290). Let i = q + 475. What is the remainder when m is divided by i?
14
Suppose 181*v - 182*v = -4*t + 1147, -5*v + 292 = t. What is the remainder when t is divided by 36?
35
Let s(i) = -i**3 - 15*i**2 + 15*i - 16. Let g be s(-16). Suppose g = -z - 10*z + 143. Calculate the remainder when 36 is divided by z.
10
Let y be 39368/444*(3/2 - 0). Let q = y + -123. What is the remainder when 44 is divided by q?
4
Let m(n) = 5*n. Let q(d) = -d**2 + 24*d - 77. Suppose -11*a + 48 = -7*a. Calculate the remainder when q(a) is divided by m(7).
32
Let v be (44/60 - (-3)/5)*-327. Let f = v - -498. Calculate the remainder when 244 is divided by f.
58
Let u be (-246)/(-4)*(-2)/(-6)*-2. Let s = u - -101. Suppose -s = -69*d + 67*d. What is the remainder when 118 is divided by d?
28
Let f(m) = -m**2 - 27*m - 52. Let n be f(-18). Suppose -124*k + 123*k = -n. What is the remainder when k is divided by 37?
36
Suppose -468 = 670*v - 333*v - 338*v. What is the remainder when v is divided by 222?
24
Let g(a) = a**3 - 4*a**2 + a + 4. Let b be g(3). Calculate the remainder when 9 is divided by 3/b*(-5)/6*4.
4
Suppose -4*u = b - 83 + 300, 0 = u + 2*b + 49. Calculate the remainder when 6 + 0 + 517/u*-5 is divided by 5.
3
Suppose -v = -2*g + 101, 2*v + 65 + 39 = 2*g. Suppose -218 - 181 = -21*a. What is the remainder when g is divided by a?
11
Let z be 1 + (0 - (6 + -7)). What is the remainder when (979/(-33))/((-5)/(-3) - z) is divided by 18?
17
What is the remainder when 521 is divided by 21*(-2 - (-225)/27)?
122
Let u(d) = 63*d - 822. What is the remainder when u(26) is divided by 140?
116
Let v be (-9)/(4 + -8 + 122/32). Let g = 8 + v. What is the remainder when g is divided by 39?
17
Suppose 0 = -117*x + 132*x. Let d(u) = 2*u**2 + 2*u + 39. What is the remainder when 132 is divided by d(x)?
15
Suppose -7*d - 18 = -60. Suppose -10*b = -d*b + 5*c - 461, -5*b - 5*c + 575 = 0. Calculate the remainder when b is divided by 23.
22
Let a(f) = 580*f**3 + 10*f**2 - f - 14. What is the remainder when a(2) is divided by 146?
138
Let c(l) = 18*l - 591. Calculate the remainder when c(44) is divided by 2.
1
Let o = -9889 - -10108. Let q = 35 + -13. Calculate the remainder when o is divided by q.
21
What is the remainder when (-130 - -133)*(430/6 + -1) is divided by 3?
2
Let b = -247 + 294. Suppose -k = -0*k - 2*x + 44, 0 = x. Let c = k + b. What is the remainder when 7 is divided by c?
1
Suppose 43 = 8*k - 37. Let s = k - -20. Calculate the remainder when s is divided by 11.
8
Let q(m) be the third derivative of -m**4/12 - m**3/3 + 5*m**2. Let z be q(-3). Suppose z*g - 147 = g. Calculate the remainder when g is divided by 25.
24
Let h = 1001 - 304. What is the remainder when h is divided by 10?
7
Let a(n) = n**2 - 10*n + 5. Let k be a(10). Suppose k*f = -5*y, 2*y = -f + 5 - 0. Suppose -y*d = -858 + 268. What is the remainder when d is divided by 15?
13
Let k(t) = -23*t - 146. Suppose 0 = -4*h + 5*c + 26 + 6, c = 0. What is the remainder when k(-11) is divided by h?
3
Suppose 3*l - 5*w = -32, -48 - 29 = 3*l + 4*w. Let c = -15 - l. Calculate the remainder when 9 is divided by c.
1
Suppose 5*b - 1855 = 5*z - 0*b, z + 4*b = -391. Let k = z + 621. Suppose v = -5*v + k. What is the remainder when v is divided by 7?
6
Let t(d) = d**3 - 10*d**2 - 2*d + 472. Calculate the remainder when t(0) is divided by 136.
64
Let p = 87 + -63. Suppose p - 6 = 6*j. Suppose 4*m + 2*o + 0 = 2, 5*m + o = 7. Calculate the remainder when j is divided by m.
1
Let a(q) = -10*q**3 + 2*q**2 + 3*q. Let b be a(-2). Suppose 3*f = 611 + b. Suppose o + f = 8*o. Calculate the remainder when o is divided by 9.
6
Suppose 5*g + 0*s = -5*s, -18 = -3*g + 3*s. Suppose 3*f + 5 = -4. Calculate the remainder when 23 is divided by (f/g)/(4/(-52)).
10
Suppose -122*a = -4*j - 118*a + 472, -9 = -3*a. What is the remainder when j is divided by 95?
26
Suppose 7*d - 18 - 3 = 0. Let o = 7 + d. What is the remainder when 58 is divided by o?
8
Let k(o) = o**2 + o + 9. Let i be -36 - -12 - (-3)/1. Let x = -26 - i. Calculate the remainder when 114 is divided by k(x).
27
Let j = 43 - 14. Let p = 105 + -106. Let o(h) = 52*h**2 + 5*h + 5. Calculate the remainder when o(p) is divided by j.
23
Suppose -71 = p - f - 85, 4*p - 3*f - 58 = 0. Calculate the remainder when 197 is divided by p.
5
Let z = 6003 - 5589. Calculate the remainder when z is divided by 72.
54
Suppose -h = -7*h - 4176. Let w = -659 - h. What is the remainder when w is divided by 5?
2
Suppose 5*p + c - 24 = 0, -4*p + 10 = -2*c + 2. Let h(m) = 6*m**2 + 47*m - 201. Calculate the remainder when h(p) is divided by 33.
17
Suppose -3*g = -7*g + 3*j - 87, 4*j = -2*g - 60. Let x be g/9*(-15)/(-10)*-1. Calculate the remainder when -4 + 0 + -3 + 24 + x is divided by 12.
9
Calculate the remainder when 2363 is divided by 3/(-13) - 63616/(-3692).
0
Suppose 0 = 4*c + 14 - 38. Suppose -2*x - 2*x = -32. Calculate the remainder when x is divided by (c/(-15))/1 - (-176)/40.
0
Let r(i) = -i**3 + 64*i**2 - 36*i - 1348. Suppose -3*g = 3*d - 162, 4*d + 121 = 4*g - 135. What is the remainder when r(63) is divided by g?
58
Let s be (89 + 1)/(0 + (-6)/(-20)). Let g = -144 + s. Suppose 0 = -4*x - 0*x + g. Calculate the remainder when x is divided by 10.
9
Suppose -2*q + 3*p = -4033, -2*q - 671*p = -668*p - 4087. Calculate the remainder when q is divided by 51.
41
Let k(a) = -a + 1. Let m(b) = -42*b + 5. Let d be ((-1)/3*2)/(5/15). Let y(z) = d*m(z) + 6*k(z). Calculate the remainder when y(1) is divided by 25.
24
Suppose -5 = 4*u + 71. What is the remainder when 31 is divided by u/((-57)/30)*6/15?
3
Suppose 2*n + 0*n - 159 = -3*m, 378 = 5*n + m. Suppose -3638*b = -1923*b - 49735. What is the remainder when n is divided by b?
17
Let m = -97 - -147. Let s be ((-5)/10)/(m/52 + -1). Suppose -s*z + 14*z - 95 = 0. Calculate the remainder when z is divided by 14.
11
Let l(t) = 3*t**2 - 22*t - 1358. Calculate the remainder when 4336 is divided by l(-18).
6
Let j(y) = 5*y - 58. Suppose -1039 - 4851 = -31*r. Calculate the remainder when r is divided by j(18).
30
Suppose -17*r + 22*r - 535 = 0. Let i(a) = -2*a**3 - 12*a**2 - 17*a + 21. What is the remainder when r is divided by i(-3)?
17
Suppose 3*d - y - 83 = 84, 0 = -3*d + 2*y + 172. What is the remainder when d is divided by 23?
8
Let x = 100 - 41. Calculate the remainder when x is divided by (5/30)/(-18 + 57250/3180).
6
Suppose 5*d + 4*u = 3, 6 + 0 = 3*u. Let n(y) = -y**3 + y**2 + 4*y + 4. Calculate the remainder when d + 109 + -5*2/(-5) is divided by n(-3).
26
Suppose -2*i + 5*d + 90 = 0, 3*d = -61*i + 62*i - 47. Let h(c) = c**2 + 5. Let s be h(4). Let k = i + s. What is the remainder when k is divided by 20?
16
Suppose 0 = -10*i + 7 + 23. Suppose 2*b = -3*m + 45, -10*b + 9*b - i*m = -15. What is the remainder when 56 is divided by b?
26
Suppose 5*o - 30 = -h, 4*o + 34 + 18 = 3*h. What is the remainder when 222 is divided by (165/22)/(6/h)?
22
Let s(m) = 2*m**2 - 7*m - 15. Let z be 1*9 + (5 - (4 - -2)). Suppose -314 - 134 = -2*g. Calculate the remainder when g is divided by s(z).
53
Suppose -1 = -4*n + 11. Suppose n*t - 30 = 39. What is the remainder when (-653